5 + y)*1. Suppose -p = -d*p + 4*u - 27, 4*p = -u + 63. Calculate the highest common factor of 10 and p.
5
Suppose -34*s - 2 = -2*y - 31*s, 4*y = -5*s + 48. Calculate the highest common factor of 13 and y.
1
Let p(d) = d**3 + d**2 - d - 2. Let l be p(0). Let f be l/(-5) - 168/(-5). What is the greatest common factor of f and 85?
17
Let a = 14 - 9. Suppose 3*n - a*o + 20 = -7, -2*o = -2*n - 14. Let m = 5 + n. Calculate the highest common divisor of m and 9.
1
Suppose -293*l + 211*l = -1640. Calculate the greatest common factor of l and 32.
4
Suppose -8*i = -7*i - 14. Suppose s - i = 2*w, 5*w + 16 = s + 2*w. Suppose 0 = 5*v - 3 - 17. What is the highest common divisor of s and v?
2
Let o = 52 + -16. Suppose 335 - 119 = 4*n. Calculate the highest common divisor of n and o.
18
Let m = -7 - -15. Let r(u) = -13*u**2 - u. Let w be r(-1). Let p be 54/(-8)*128/w. Calculate the greatest common divisor of p and m.
8
Let f(c) = -c + 600. Let s be f(0). Suppose 4*a - 163 = -y, -4*y + 0*a + s = 3*a. What is the highest common factor of 21 and y?
21
Let u = 29 - 29. Let r(g) = 15*g + 21. Let s be r(u). What is the highest common divisor of 336 and s?
21
Suppose -3*m + 3567 = 6*z, m = -z - 245 + 1438. What is the greatest common divisor of 114 and m?
57
Suppose -2*c = -0*c - 88. Let b(z) = z**2 - 43*z + 86. Let f be b(41). Calculate the greatest common factor of f and c.
4
Suppose 3*y - 2 = 4*y - 5*k, 10 = 4*y - 2*k. Let s(m) = -4 + 28*m + 3 - 3. Let i be s(y). What is the highest common divisor of i and 20?
20
Let r(n) = -77*n - 135. Let o be r(-3). Calculate the greatest common divisor of o and 42.
6
Let s(m) = -m**3 - 22*m**2 - m + 17. Let i be s(-22). Let p = i - -19. What is the highest common divisor of p and 29?
29
Suppose 588 = 9*c - 1320. Let j be 1/2 + c/8. Calculate the highest common factor of j and 54.
27
Let h = 473 - 445. What is the greatest common factor of h and 504?
28
Let m = -53 + 85. Suppose 0 = -o + 5*i + 28, -m = -5*o - 2*i - 0*i. Calculate the highest common factor of o and 12.
4
Let t(g) = -7*g**3 + g**2 + g + 1. Let u be t(-1). Let y(m) = 4*m - 19. Let f be y(6). Suppose f*z - 224 = z. Calculate the highest common divisor of u and z.
8
Let y(n) = -2*n + 8. Let p be y(0). Suppose -p*b + 7*b = 2. Let v be (-1 + -3 - -2)*b. What is the highest common divisor of v and 28?
4
Suppose 0 = 5*y - 5*u - 50, -2*y + 0*y + 15 = 3*u. Let f be ((-3)/y)/((-7)/252). Calculate the greatest common factor of f and 84.
12
Let a be (-10)/4 + 1794/12. Calculate the greatest common factor of 21 and a.
21
Let l = -266 + 288. What is the greatest common factor of l and 10?
2
Let d(q) = 2*q**3 - q**2 + 17*q - 30. Let t be d(2). Calculate the greatest common factor of t and 256.
16
Let z(u) = 4*u**2 - 7*u - 32. Let r be z(-3). Suppose -4*b + 699 = -i, 2*i - 51 = -2*b + 301. Calculate the greatest common divisor of b and r.
25
Let a(y) = -19*y + 10. Let k be a(-8). Let q = -284 - -302. Calculate the greatest common factor of k and q.
18
Suppose 2*s = 25 + 1. Let r(l) be the third derivative of l**4/6 + 2*l**3/3 + 37*l**2. Let x be r(s). What is the highest common divisor of 8 and x?
8
Let i = 20 - 11. Suppose 0 = 21*y - 16*y. Suppose y = 5*n - 2*w - 3*w - 15, 0 = 2*w - 6. Calculate the highest common factor of i and n.
3
Suppose -3*y - 6 = 0, 6*g - 3*y + 5142 = 10*g. Calculate the greatest common divisor of g and 234.
117
Suppose 4*v - 4*j = 48, -4*v = -2*v - j - 24. Let p be ((-2)/2)/(1/57). Let y = p - -65. Calculate the greatest common divisor of y and v.
4
Let c(b) = 27*b. Let a = 20 + -17. Suppose 7 = h - f - 0, 5*h - 29 = a*f. Let n be c(h). What is the greatest common divisor of 18 and n?
18
Let n be 2/(12/26)*(-810)/(-54). What is the highest common divisor of n and 1235?
65
Let f = 149 - 39. Let a = -65 + f. Let j(o) = -o**3 - 4*o**2 - 3*o - 3. Let u be j(-4). What is the highest common divisor of u and a?
9
Let q = -126 - -85. Let l = -5 - q. What is the greatest common factor of l and 126?
18
Let c(o) = o**2 + 4*o + 25. Let q be c(-6). Let x = q + -24. What is the greatest common divisor of 130 and x?
13
Let p = -689 + 765. What is the greatest common factor of 2 and p?
2
Let u be 58/(4/(112/(-21)))*-3. Calculate the greatest common divisor of 145 and u.
29
Let t(f) = 21*f + 28. Let g be t(0). What is the highest common divisor of g and 4?
4
Suppose -6*k = 5*h - k - 80, -68 = -5*h - 2*k. Let p be (-2)/2*(-5 + 6). Let o = 95 - p. What is the greatest common divisor of o and h?
12
Let p(z) = -z + 17. Let r be p(7). Let q be (36/r)/((-4)/(-40)). Let x = -92 + 96. Calculate the highest common divisor of x and q.
4
Let w(r) = -r**3 + 10*r**2 - 16*r + 1. Let z be w(8). Let i be (4/(16/(-5)))/(z/(-24)). Calculate the highest common factor of 20 and i.
10
Let c(a) = -3*a**3 - a**2 + 7*a + 27. Let w be c(-4). Calculate the greatest common divisor of w and 5.
5
Suppose 41 = 5*w - 19. Let o = 7570 - 7562. Calculate the highest common divisor of o and w.
4
Let f(c) = 3*c**2 - 69*c - 16. Let s be f(24). Calculate the highest common divisor of 448 and s.
56
Suppose -m = 4*y - 1541, -3*m - 206 - 176 = -y. Calculate the greatest common divisor of y and 154.
77
Suppose 0 = -4*i + 2*i - 4*w + 670, 4*i = -3*w + 1315. Calculate the greatest common divisor of 25 and i.
25
Let b be ((-595)/(-49) - -5)/(8/1988). Calculate the highest common divisor of 60 and b.
60
Let j be (-2)/5 + ((-27)/(-5) - -5). Let o be 6/(j/12*63/140). What is the highest common factor of 176 and o?
16
Let p(s) = -15*s - 5. Let b be p(-4). Let u = -78 + 45. Let x be (-44)/6*u/22. Calculate the greatest common divisor of x and b.
11
Suppose 5*i + 5521 = 5*w + 876, 4644 = 5*w - 4*i. What is the highest common factor of w and 116?
116
Let s(b) = -b**3 - 7*b**2 + 8*b - 2. Let y be s(-8). Let x = 19 + y. What is the highest common factor of x and 187?
17
Let r be 165 + -91 + (-2 - 0). What is the highest common factor of r and 96?
24
Let d(x) = 8*x**2 - 8*x - 21. Let k be d(4). Calculate the highest common factor of k and 240.
15
Let f be (16/5)/((-10)/100). Let y = f - -62. What is the greatest common factor of y and 40?
10
Let i be -1 - (-8 + 7 + -60). Calculate the greatest common factor of 630 and i.
30
Suppose -4*o = -12 - 8. Suppose 0 = -o*a + 136 - 1. Calculate the greatest common divisor of 54 and a.
27
Suppose 282*j - 271*j - 715 = 0. What is the greatest common factor of 30 and j?
5
Suppose 0 = -3*m - 3*s, -2*s - 29 = -2*m - 9. Calculate the greatest common factor of m and 545.
5
Let y = -1188 + 1197. What is the highest common divisor of 1422 and y?
9
Let t(o) = o**2 + 11. Let z be t(0). Let k(b) = -6*b - 1. Let d be k(-2). What is the highest common factor of z and d?
11
Let i(d) = d**2 + 2*d + 3. Let k be i(0). Suppose -k + 4 = n. Let o = n + 6. What is the highest common factor of 21 and o?
7
Suppose -4*r = 5 + 219. Let i = r - -57. Suppose v = 4*o - 12, -2*o - 2*o + 36 = 2*v. What is the highest common divisor of v and i?
1
Let k = 644 + -444. Calculate the greatest common factor of k and 4.
4
Let k be (-4)/(-1)*(301 - (2 + 5)). Calculate the highest common divisor of k and 56.
56
Let q = 36 - 9. Suppose y = -5*n - 4*y + 10, -y - 8 = -4*n. Suppose 51 = -3*o - c + 292, n*o - 160 = -c. What is the greatest common factor of q and o?
27
Suppose 110 = 4*u - 2*u. Let q = u - 95. Let d = 55 + q. What is the highest common factor of d and 45?
15
Let t be ((-316)/48 - (-1)/4)*-15. Calculate the greatest common factor of t and 133.
19
Suppose -1327*o - 495 = -1338*o. Calculate the greatest common factor of 75 and o.
15
Let r = 26 - 14. Let n = 483 - 441. Calculate the highest common factor of r and n.
6
Let s = 16 + -12. Suppose 7*i + 111 = s*i. Let o = -18 - i. Calculate the greatest common divisor of 152 and o.
19
Suppose 130 = 8*o - 310. Let r = 10 - 5. Calculate the greatest common divisor of o and r.
5
Let l be (-11)/(44/(-80)) + 1. Let w(a) = -35*a. Let r be w(-3). Calculate the greatest common factor of r and l.
21
Suppose 4*o = 54 + 18. Let t(l) = -51*l + 726. Let h be t(14). Calculate the greatest common factor of h and o.
6
Let b be (6 - (-285 - -2)) + -4. Calculate the highest common factor of b and 15.
15
Let o be -1 - -1 - (2 - 4). Suppose o*b - 7*b = 920. Let s be 0 - 2 - (6 + b). 